ite number?
True
Let x(b) = b**3 - 13*b**2 + b - 12. Let w be x(13). Let y be w/(-3) - (26/(-6) + 3). Is (y + 3278/(-4))/((-10)/20) composite?
False
Let r = 113000 - 67113. Is r composite?
False
Let b = -76885 + 46843. Let p = -8037 - b. Is (1/(-3))/(5/p*-3) composite?
True
Let r = -825 - -1491. Let z = r + -455. Is z a composite number?
False
Let j be (-4)/(-10) + 290206/10. Let d = j - 46659. Is d/(-6) - 16/24 composite?
False
Suppose -38 = -2*p - 4*m + 5*m, -2*p - m + 50 = 0. Let v(t) = -64*t + 3. Let i be v(3). Let a = p - i. Is a a composite number?
False
Let u = 517 + -513. Let w = u + 754. Is w a prime number?
False
Suppose -3*y = -98*o + 102*o - 1051147, -4*y + 4*o = -1401492. Is y composite?
False
Suppose 24*u = 47*u + 60628. Let n = u - -10489. Is n a composite number?
False
Let b(s) = s**3 - s**2 - 2*s + 3. Let a be b(2). Suppose 0 = 3*f + 6, -f - 2116 = -2*j - 3*f. Suppose j = a*d + d. Is d a prime number?
False
Let m(g) = 1772*g + 85. Let i(n) = n**3 + 13*n**2 + 42*n + 9. Let h be i(-7). Is m(h) a composite number?
False
Suppose -622585585 - 103443383 = -123*d - 45*d. Is d a composite number?
False
Let z be (7 - (-148)/(-20))/((-3)/60). Suppose -3*u + b + 12377 = 0, 2*u - 6*b = -z*b + 8262. Is u a prime number?
True
Suppose 2*t + 2*n = 116, -3*t = -0*t - 5*n - 142. Suppose t*s = 56*s - 34342. Suppose 4*j - s = -7*j. Is j prime?
False
Is (45620/(-12))/(21/(-63)) prime?
False
Let z(s) = -s**3 - 21*s**2 - 20*s + 13. Let c be z(-20). Let t(l) = -3 + 17*l**2 - c*l - 9*l**2 + 0. Is t(10) a composite number?
True
Suppose 2*w - 136 = -3*p, 14*w - 139 = -3*p + 15*w. Suppose p*s - 122*s = -2970460. Is s prime?
False
Is (1431958/33)/(((-4)/(-4))/(-3) - -1) a composite number?
False
Let u(m) = -9*m**2 - 3*m + 7. Let l(w) = -w**2 - w. Let q = 47 - 48. Let b(r) = q*u(r) - 2*l(r). Is b(-4) composite?
False
Let a be 14*(-4)/8*-1. Suppose a*m - m = 78594. Is m composite?
False
Suppose -2*a - 34478 = -5*n - 994, -20080 = -3*n - 4*a. Suppose 4*l = -n - 5760. Is l/(-2)*17/51 composite?
True
Let q = 13627 - -11306. Is q composite?
True
Let k(j) = 4*j + 82. Let v be k(-20). Suppose -5*l + 4*d + 763 = -2*l, 0 = -3*l - v*d + 775. Is l a prime number?
True
Let v(n) = -2*n**3 - 50*n**2 - 25*n - 28. Let j be v(-17). Let k = -2668 - j. Is k composite?
False
Let w = -272 + 278. Let x(p) = 2269*p - 59. Is x(w) prime?
False
Suppose 3*o + 349 + 794 = 3*l, -4*l + 5*o + 1520 = 0. Let a = 1979 - l. Is a prime?
False
Let l(n) = 39032*n**3 - 7*n**2 + 17*n - 41. Is l(3) prime?
False
Let x(r) be the second derivative of r**4/3 + 3*r**3/2 - 9*r**2/2 - 2*r - 36. Is x(-16) composite?
True
Let d = -665 - -669. Is 4*(11774/d - (-15)/20) composite?
False
Let l = -39038 + 99069. Is l a composite number?
True
Suppose -25 = 4*b - 9, 0 = 5*q + 3*b - 43. Suppose -32 = -7*a - q. Suppose -a*l = -186 - 9. Is l a composite number?
True
Suppose 0 = -3*k - 3*n - 8466, k + k + 5*n = -5632. Let q be 0/1*6/12 - k. Suppose 2*m = -4*g + q, 0 = 3*m - 0*g + g - 4229. Is m a composite number?
False
Let v be 1/5 - 1534/(-5). Suppose -5953 = -5*x - 4*b + 2322, b + 6641 = 4*x. Let z = v + x. Is z composite?
True
Suppose -14 = f + f. Suppose 72*b + 63*b + 154 = 58*b. Is (f/(14/1195))/(1/b) a prime number?
False
Suppose 0 = 4*a + 3*z + 3 + 27, 0 = 3*a + 4*z + 19. Is (a + 2 - -74)*19 a composite number?
True
Let h(g) = -17071*g**2 - g + 1. Let c be h(-1). Let j = c - -29212. Is j a prime number?
True
Let q(b) = -183*b**2 + 7*b + 8. Let r(t) = -t - 1. Let v(d) = -q(d) - r(d). Is v(-2) composite?
True
Let d(u) = 39088*u**2 + 304*u + 1397. Is d(-5) a prime number?
False
Is ((-2506)/(-3))/((-4)/(-198)) - (-6)/(-3) a composite number?
True
Let j(p) = 20518*p + 87. Is j(8) a composite number?
False
Let u = -21 + -222. Is (-27)/u - 10700/(-9) composite?
True
Suppose -68*g + 11655903 - 2863571 = 0. Is g a prime number?
False
Suppose -1115412 = -14*i + 9085058. Is i prime?
False
Let h = 2844098 + -1824253. Is h a composite number?
True
Suppose -3*t + 20 = -2*t. Suppose t = -5*z + 5*v, 5*z = -0*z - v - 20. Is 1798/6 + z/6 a composite number?
True
Suppose 3*u = -2*d + 14437 - 2423, -d = -2*u - 5993. Let c = d - -1282. Is c a composite number?
False
Suppose 0 = -w + 2*o + 4, -5*o - 14 = -5*w - o. Suppose -y = -w*y. Suppose y = 4*c + 20, -2*c = -4*t + 1432 - 258. Is t composite?
True
Let k(z) = 1847*z**2 - 76*z - 668. Is k(-9) prime?
True
Suppose 3*y = -10 + 19. Suppose 0 = -4*n + 5*f + 273479, -5*n - y*f - 93467 + 435325 = 0. Is n prime?
True
Let f(v) = 552*v**3 + 2*v**2 - 4*v + 57. Is f(4) composite?
False
Let k be (-26)/((-72)/35 + 2). Suppose -3*z - k = 319. Let d = 461 + z. Is d prime?
False
Is (20/(-40))/(2/(-7796)*1) composite?
False
Let w(v) = -v**2 - v + 1. Let a(s) = -34*s**2 + 22*s + 2. Let z(b) = -a(b) - 3*w(b). Let d(o) be the first derivative of z(o). Is d(9) a composite number?
False
Suppose -5*d = -j + 41, 0 = 4*j - 4*d + 6*d - 54. Suppose b + 128235 = j*b. Is b prime?
False
Let p(x) = 5632*x**2 - 351*x - 1052. Is p(-3) a composite number?
True
Suppose 123*m - 3874826 = 34314337. Is m prime?
True
Let f(t) = 349*t + 432*t - 92*t - 56. Is f(5) composite?
False
Suppose 4*s - j + 188 = 0, -3*s - 21 = -3*j + 111. Let k be (10/8)/((-3)/s). Is (2 - k/8)/((-1)/226) prime?
True
Let f be 2/(-11) + 35/11. Suppose -f*m + 3332 = m. Let i = 1374 - m. Is i composite?
False
Let r(z) = 66*z**2 + 17*z - 246. Is r(-20) prime?
False
Let r be (13 + (-2 - -2))*1. Let t(b) = 5*b**2 - 27*b - 15. Is t(r) prime?
True
Let k(i) be the first derivative of i**4/4 + 5*i**3/3 - 7*i**2/2 - 2*i - 22. Let c be k(-5). Is (-6)/c + -1 + (-42044)/(-11) prime?
True
Let i = -9118 + 13414. Let k = -2335 + i. Is k prime?
False
Suppose -19*u + 123 = 22*u. Is 8182/u*39/26 a prime number?
True
Let t = 5 - 2. Suppose t*k - 779 = -38. Suppose k = 3*o + 5*l - 438, -o + 247 = -3*l. Is o a composite number?
True
Let a = 105136 - 28545. Is a a composite number?
True
Suppose 23*g - 264023 = -4*r + 28*g, -g = -1. Is r composite?
True
Suppose -2310 = 4*g + 906. Let x(c) = -8*c**3 - 4*c**2 - 3*c - 20. Let a be x(5). Let k = g - a. Is k composite?
False
Suppose 13*x - 182132 = 9*x. Is x composite?
False
Suppose -3*u - 34380 = -8*u - 5*j, -5*u + 3*j + 34388 = 0. Let p = u - 2786. Is p prime?
True
Suppose -i + 3*a + 146414 = 0, 0 = 3*i - 6*i - a + 439252. Is i prime?
True
Let t = 313369 - 80478. Is t a prime number?
True
Suppose 1 = -a, 3*q - 3*a = 2*a - 7. Let f(k) = -2*k**2 - 8*k - 8. Let h be f(q). Is (-2)/h - 139629/(-28) composite?
False
Suppose 0 = 2*j - 127*g + 124*g - 148271, -2*g + 370649 = 5*j. Is j a prime number?
True
Let x = 309 - 312. Is 1/(-1) + 5541 - (x - -4) a prime number?
False
Suppose -t - 3*z + 147122 + 46202 = 0, -4*t + 773306 = 2*z. Is t a prime number?
True
Suppose 0*m + 4*z - 353793 = -5*m, -2*z + 4 = 0. Is m composite?
True
Let x(b) = -1370*b - 17. Let g be x(5). Let z = 10070 + g. Is z a composite number?
False
Let q(d) = d**3 + 16*d**2 - 28*d - 4. Suppose -330 = 23*b - 29*b. Suppose b*u - 15 = 56*u. Is q(u) prime?
True
Let o(h) = -h**2 - h. Let c(d) = d**2 + 46*d - 4. Let k(b) = -c(b) - 3*o(b). Is k(-19) prime?
True
Let b be (-28)/3 + (-4)/(-3 - 9). Let f(i) = i**2 + 14*i - 13. Let y be f(b). Let h = y - -752. Is h a composite number?
True
Let t(g) = -134*g - 90. Let k = -384 - -376. Is t(k) composite?
True
Let v(o) be the second derivative of -4*o**3/3 - 13*o**2 - 16*o. Let d be v(-4). Suppose a + d*x - 122 = 2*x, -2*a + 208 = -x. Is a prime?
False
Let m(p) = -921*p + 28. Let l be m(-16). Suppose -y - l = -5*y. Is y composite?
False
Let m(x) = -x**3 - 15*x**2 - 20*x - 2. Let z be m(-14). Let a = z + -82. Suppose -n - 2*f + 873 = a, 0*f - 2*f = 3*n - 2611. Is n a composite number?
True
Let q be (-5)/105*7 + (-4)/6. Is (q + 0/(2 + -4))*-4007 prime?
True
Suppose 42*g - 11247432 = 11786928 - 7326738. Is g a prime number?
False
Let y(m) = -17*m**3 - 10*m**2 + 10*m - 12. Let q be y(-8). Suppose o + o - 3*t - 7988 = 0, 0 = -2*o - 5*t + q. Is 1/4 - o/(-4) a composite number?
True
Let a(k) = 1372*k + 19. Let l(q) = q + 21. Let c = -6 + -11. Let y be l(c). Is a(y) composite?
False
Let f = -243 + 12885. Suppose 0 = -2*u + 11752 + f. Is u a prime number?
True
Let k(i) = 508*i**2 + 22*i + 23. Let q = -203 + 202. Is k(q) composite?
F